{"id":83971,"date":"2022-02-10T19:57:01","date_gmt":"2022-02-10T18:57:01","guid":{"rendered":"http:\/\/www.tv2000.it\/tg2000\/?post_type=video&#038;p=83971"},"modified":"2022-02-10T19:57:15","modified_gmt":"2022-02-10T18:57:15","slug":"libia-fathi-bashagha-e-il-nuovo-premier-entro-due-settimane-dovra-formare-il-governo","status":"publish","type":"video","link":"https:\/\/www.tv2000.it\/tg2000\/video\/libia-fathi-bashagha-e-il-nuovo-premier-entro-due-settimane-dovra-formare-il-governo\/","title":{"rendered":"Libia, Fathi Bashagha \u00e8 il nuovo premier. Entro due settimane dovr\u00e0 formare il governo"},"content":{"rendered":"<p>Fathi Bashagha \u00e8 il nuovo premier libico. Entro due settimane dovr\u00e0 formare il governo. Il servizio di Maurizio Di Schino<\/p>\n","protected":false},"featured_media":83972,"comment_status":"closed","ping_status":"closed","template":"","tags":[],"class_list":["post-83971","video","type-video","status-publish","has-post-thumbnail","hentry","video_category-esteri","video_category-news"],"acf":[],"aioseo_notices":[],"url_youtube":"Oe03zQhXtCs","featured_image_url":"https:\/\/i.ytimg.com\/vi\/Oe03zQhXtCs\/mqdefault.jpg","_links":{"self":[{"href":"https:\/\/www.tv2000.it\/tg2000\/wp-json\/wp\/v2\/video\/83971","targetHints":{"allow":["GET"]}}],"collection":[{"href":"https:\/\/www.tv2000.it\/tg2000\/wp-json\/wp\/v2\/video"}],"about":[{"href":"https:\/\/www.tv2000.it\/tg2000\/wp-json\/wp\/v2\/types\/video"}],"replies":[{"embeddable":true,"href":"https:\/\/www.tv2000.it\/tg2000\/wp-json\/wp\/v2\/comments?post=83971"}],"wp:featuredmedia":[{"embeddable":true,"href":"https:\/\/www.tv2000.it\/tg2000\/wp-json\/wp\/v2\/media\/83972"}],"wp:attachment":[{"href":"https:\/\/www.tv2000.it\/tg2000\/wp-json\/wp\/v2\/media?parent=83971"}],"wp:term":[{"taxonomy":"post_tag","embeddable":true,"href":"https:\/\/www.tv2000.it\/tg2000\/wp-json\/wp\/v2\/tags?post=83971"}],"curies":[{"name":"wp","href":"https:\/\/api.w.org\/{rel}","templated":true}]}}

Libia, Fathi Bashagha è il nuovo premier. Entro due settimane dovrà formare il governo

<p>Fathi Bashagha è il nuovo premier libico. Entro due settimane dovrà formare il governo. Il servizio di Maurizio Di Schino</p>
