{"id":84096,"date":"2022-02-14T19:38:18","date_gmt":"2022-02-14T18:38:18","guid":{"rendered":"http:\/\/www.tv2000.it\/tg2000\/?post_type=video&#038;p=84096"},"modified":"2022-02-14T19:38:49","modified_gmt":"2022-02-14T18:38:49","slug":"covid-agenas-intensive-calano-al-12-e-in-10-regioni-protesta-no-vax-a-roma","status":"publish","type":"video","link":"https:\/\/www.tv2000.it\/tg2000\/video\/covid-agenas-intensive-calano-al-12-e-in-10-regioni-protesta-no-vax-a-roma\/","title":{"rendered":"Covid, Agenas: intensive calano al 12% e in 10 Regioni. Protesta no-vax a Roma"},"content":{"rendered":"<p>Oggi un calo netto dei contagi: meno di 30 mila, ma il dato del luned\u00ec \u00e8 sempre pi\u00f9 basso, visto che la domenica si fanno molti meno tamponi. Servizio di Beatrice Bossi<\/p>\n","protected":false},"featured_media":84097,"comment_status":"closed","ping_status":"closed","template":"","tags":[2000],"class_list":["post-84096","video","type-video","status-publish","has-post-thumbnail","hentry","tag-coronavirus","video_category-attualita","video_category-news"],"acf":[],"aioseo_notices":[],"url_youtube":"9Dwfa3hKiFE","featured_image_url":"https:\/\/i.ytimg.com\/vi\/9Dwfa3hKiFE\/mqdefault.jpg","_links":{"self":[{"href":"https:\/\/www.tv2000.it\/tg2000\/wp-json\/wp\/v2\/video\/84096","targetHints":{"allow":["GET"]}}],"collection":[{"href":"https:\/\/www.tv2000.it\/tg2000\/wp-json\/wp\/v2\/video"}],"about":[{"href":"https:\/\/www.tv2000.it\/tg2000\/wp-json\/wp\/v2\/types\/video"}],"replies":[{"embeddable":true,"href":"https:\/\/www.tv2000.it\/tg2000\/wp-json\/wp\/v2\/comments?post=84096"}],"wp:featuredmedia":[{"embeddable":true,"href":"https:\/\/www.tv2000.it\/tg2000\/wp-json\/wp\/v2\/media\/84097"}],"wp:attachment":[{"href":"https:\/\/www.tv2000.it\/tg2000\/wp-json\/wp\/v2\/media?parent=84096"}],"wp:term":[{"taxonomy":"post_tag","embeddable":true,"href":"https:\/\/www.tv2000.it\/tg2000\/wp-json\/wp\/v2\/tags?post=84096"}],"curies":[{"name":"wp","href":"https:\/\/api.w.org\/{rel}","templated":true}]}}

<p>Oggi un calo netto dei contagi: meno di 30 mila, ma il dato del lunedì è sempre più basso, visto che la domenica si fanno molti meno tamponi. Servizio di Beatrice Bossi</p>
