{"id":84264,"date":"2022-02-17T19:59:01","date_gmt":"2022-02-17T18:59:01","guid":{"rendered":"http:\/\/www.tv2000.it\/tg2000\/?post_type=video&#038;p=84264"},"modified":"2022-02-17T19:59:17","modified_gmt":"2022-02-17T18:59:17","slug":"la-situazione-ad-haiti-tra-poverta-pandemia-e-calamita-naturali-laiuto-della-caritas-italiana","status":"publish","type":"video","link":"https:\/\/www.tv2000.it\/tg2000\/video\/la-situazione-ad-haiti-tra-poverta-pandemia-e-calamita-naturali-laiuto-della-caritas-italiana\/","title":{"rendered":"La situazione ad Haiti tra povert\u00e0, pandemia e calamit\u00e0 naturali. L&#8217;aiuto della Caritas italiana"},"content":{"rendered":"<p>Ad Haiti, uno dei paesi pi\u00f9 poveri al mondo e sconvolto non solo dal covid ma anche dalla scia di terremoti che lo affliggono da tempo, l&#8217;ultimo poche settimane fa. Maurizio Di Schino ha raggiunto una operatrice della Caritas sul posto.<\/p>\n","protected":false},"featured_media":84265,"comment_status":"closed","ping_status":"closed","template":"","tags":[],"class_list":["post-84264","video","type-video","status-publish","has-post-thumbnail","hentry","video_category-news"],"acf":[],"aioseo_notices":[],"url_youtube":"UGjDxLCpiC4","featured_image_url":"https:\/\/i.ytimg.com\/vi\/UGjDxLCpiC4\/mqdefault.jpg","_links":{"self":[{"href":"https:\/\/www.tv2000.it\/tg2000\/wp-json\/wp\/v2\/video\/84264","targetHints":{"allow":["GET"]}}],"collection":[{"href":"https:\/\/www.tv2000.it\/tg2000\/wp-json\/wp\/v2\/video"}],"about":[{"href":"https:\/\/www.tv2000.it\/tg2000\/wp-json\/wp\/v2\/types\/video"}],"replies":[{"embeddable":true,"href":"https:\/\/www.tv2000.it\/tg2000\/wp-json\/wp\/v2\/comments?post=84264"}],"wp:featuredmedia":[{"embeddable":true,"href":"https:\/\/www.tv2000.it\/tg2000\/wp-json\/wp\/v2\/media\/84265"}],"wp:attachment":[{"href":"https:\/\/www.tv2000.it\/tg2000\/wp-json\/wp\/v2\/media?parent=84264"}],"wp:term":[{"taxonomy":"post_tag","embeddable":true,"href":"https:\/\/www.tv2000.it\/tg2000\/wp-json\/wp\/v2\/tags?post=84264"}],"curies":[{"name":"wp","href":"https:\/\/api.w.org\/{rel}","templated":true}]}}

La situazione ad Haiti tra povertà, pandemia e calamità naturali. L&#8217;aiuto della Caritas italiana

<p>Ad Haiti, uno dei paesi più poveri al mondo e sconvolto non solo dal covid ma anche dalla scia di terremoti che lo affliggono da tempo, l&#8217;ultimo poche settimane fa. Maurizio Di Schino ha raggiunto una operatrice della Caritas sul posto.</p>
