{"id":84622,"date":"2022-02-25T19:48:15","date_gmt":"2022-02-25T18:48:15","guid":{"rendered":"http:\/\/www.tv2000.it\/tg2000\/?post_type=video&#038;p=84622"},"modified":"2022-02-25T19:48:24","modified_gmt":"2022-02-25T18:48:24","slug":"covid-ministro-speranza-si-va-verso-fase-apertura-ma-con-intelligente-gradualita","status":"publish","type":"video","link":"https:\/\/www.tv2000.it\/tg2000\/video\/covid-ministro-speranza-si-va-verso-fase-apertura-ma-con-intelligente-gradualita\/","title":{"rendered":"Covid, ministro Speranza: si va verso fase apertura ma con intelligente gradualit\u00e0"},"content":{"rendered":"<p>Covid. Secondo il ministro della Salute, Roberto Speranza, si apre una nuova fase che ci permetter\u00e0 in maniera graduale di andare verso una riapertura di tutte le attivit\u00e0. Oggi i nuovi casi sono stati 40.948 casi e 193 morti. Il tasso di positivit\u00e0 scende al 9,3%. Servizio di Marco Bergamaschi<\/p>\n","protected":false},"featured_media":84623,"comment_status":"closed","ping_status":"closed","template":"","tags":[2000],"class_list":["post-84622","video","type-video","status-publish","has-post-thumbnail","hentry","tag-coronavirus","video_category-attualita","video_category-news"],"acf":[],"aioseo_notices":[],"url_youtube":"bqaOoGoOLzI","featured_image_url":"https:\/\/i.ytimg.com\/vi\/bqaOoGoOLzI\/mqdefault.jpg","_links":{"self":[{"href":"https:\/\/www.tv2000.it\/tg2000\/wp-json\/wp\/v2\/video\/84622","targetHints":{"allow":["GET"]}}],"collection":[{"href":"https:\/\/www.tv2000.it\/tg2000\/wp-json\/wp\/v2\/video"}],"about":[{"href":"https:\/\/www.tv2000.it\/tg2000\/wp-json\/wp\/v2\/types\/video"}],"replies":[{"embeddable":true,"href":"https:\/\/www.tv2000.it\/tg2000\/wp-json\/wp\/v2\/comments?post=84622"}],"wp:featuredmedia":[{"embeddable":true,"href":"https:\/\/www.tv2000.it\/tg2000\/wp-json\/wp\/v2\/media\/84623"}],"wp:attachment":[{"href":"https:\/\/www.tv2000.it\/tg2000\/wp-json\/wp\/v2\/media?parent=84622"}],"wp:term":[{"taxonomy":"post_tag","embeddable":true,"href":"https:\/\/www.tv2000.it\/tg2000\/wp-json\/wp\/v2\/tags?post=84622"}],"curies":[{"name":"wp","href":"https:\/\/api.w.org\/{rel}","templated":true}]}}

Covid, ministro Speranza: si va verso fase apertura ma con intelligente gradualità

<p>Covid. Secondo il ministro della Salute, Roberto Speranza, si apre una nuova fase che ci permetterà in maniera graduale di andare verso una riapertura di tutte le attività. Oggi i nuovi casi sono stati 40.948 casi e 193 morti. Il tasso di positività scende al 9,3%. Servizio di Marco Bergamaschi</p>
