{"id":85249,"date":"2022-03-11T13:02:30","date_gmt":"2022-03-11T12:02:30","guid":{"rendered":"http:\/\/www.tv2000.it\/tg2000\/?post_type=video&#038;p=85249"},"modified":"2022-03-11T13:02:30","modified_gmt":"2022-03-11T12:02:30","slug":"caro-energia-diesel-costa-piu-della-benzina-rivolta-autotrasportatori-psicosi-scaffali-vuoti","status":"publish","type":"video","link":"https:\/\/www.tv2000.it\/tg2000\/video\/caro-energia-diesel-costa-piu-della-benzina-rivolta-autotrasportatori-psicosi-scaffali-vuoti\/","title":{"rendered":"Caro energia, diesel costa pi\u00f9 della benzina. Rivolta autotrasportatori, psicosi &#8216;scaffali vuoti&#8217;"},"content":{"rendered":"<p>Tra le ricadute della guerra c&#8217;\u00e8 il caro energia, con i prezzi alle stelle di gas e carburanti. Oggi alla pompa la benzina \u00e8 sopra i 2 euro e 3 centesimi. E proprio a causa dell&#8217;insostenibilit\u00e0 di questi costi le aziende di autotrasporto hanno deciso da luned\u00ec di sospendere a livello nazionale i loro servizi. Il servizio di Alessandra Camarca.<\/p>\n","protected":false},"featured_media":85250,"comment_status":"closed","ping_status":"closed","template":"","tags":[190],"class_list":["post-85249","video","type-video","status-publish","has-post-thumbnail","hentry","tag-energia","video_category-consumi","video_category-news"],"acf":[],"aioseo_notices":[],"url_youtube":"TRXt83OHnrA","featured_image_url":"https:\/\/i.ytimg.com\/vi\/TRXt83OHnrA\/mqdefault.jpg","_links":{"self":[{"href":"https:\/\/www.tv2000.it\/tg2000\/wp-json\/wp\/v2\/video\/85249","targetHints":{"allow":["GET"]}}],"collection":[{"href":"https:\/\/www.tv2000.it\/tg2000\/wp-json\/wp\/v2\/video"}],"about":[{"href":"https:\/\/www.tv2000.it\/tg2000\/wp-json\/wp\/v2\/types\/video"}],"replies":[{"embeddable":true,"href":"https:\/\/www.tv2000.it\/tg2000\/wp-json\/wp\/v2\/comments?post=85249"}],"wp:featuredmedia":[{"embeddable":true,"href":"https:\/\/www.tv2000.it\/tg2000\/wp-json\/wp\/v2\/media\/85250"}],"wp:attachment":[{"href":"https:\/\/www.tv2000.it\/tg2000\/wp-json\/wp\/v2\/media?parent=85249"}],"wp:term":[{"taxonomy":"post_tag","embeddable":true,"href":"https:\/\/www.tv2000.it\/tg2000\/wp-json\/wp\/v2\/tags?post=85249"}],"curies":[{"name":"wp","href":"https:\/\/api.w.org\/{rel}","templated":true}]}}

Caro energia, diesel costa più della benzina. Rivolta autotrasportatori, psicosi &#8216;scaffali vuoti&#8217;

<p>Tra le ricadute della guerra c&#8217;è il caro energia, con i prezzi alle stelle di gas e carburanti. Oggi alla pompa la benzina è sopra i 2 euro e 3 centesimi. E proprio a causa dell&#8217;insostenibilità di questi costi le aziende di autotrasporto hanno deciso da lunedì di sospendere a livello nazionale i loro servizi. Il servizio di Alessandra Camarca.</p>
