{"id":85348,"date":"2022-03-14T19:55:11","date_gmt":"2022-03-14T18:55:11","guid":{"rendered":"http:\/\/www.tv2000.it\/tg2000\/?post_type=video&#038;p=85348"},"modified":"2022-03-14T19:55:31","modified_gmt":"2022-03-14T18:55:31","slug":"covid-in-cina-e-tornata-lemergenza-jilin-prima-provincia-in-lockdown-dal-2020","status":"publish","type":"video","link":"https:\/\/www.tv2000.it\/tg2000\/video\/covid-in-cina-e-tornata-lemergenza-jilin-prima-provincia-in-lockdown-dal-2020\/","title":{"rendered":"Covid, in Cina \u00e8 tornata l&#8217;emergenza. Jilin prima provincia in lockdown dal 2020"},"content":{"rendered":"<p>In Cina \u00e8 tornata l&#8217;emergenza covid e Jilin \u00e8 la prima provincia in lockdown dal 2020. Servizio di Marco Burini<\/p>\n","protected":false},"featured_media":85349,"comment_status":"closed","ping_status":"closed","template":"","tags":[2000],"class_list":["post-85348","video","type-video","status-publish","has-post-thumbnail","hentry","tag-coronavirus","video_category-attualita","video_category-news"],"acf":[],"aioseo_notices":[],"url_youtube":"E3_NZIL-jVs","featured_image_url":"https:\/\/i.ytimg.com\/vi\/E3_NZIL-jVs\/mqdefault.jpg","_links":{"self":[{"href":"https:\/\/www.tv2000.it\/tg2000\/wp-json\/wp\/v2\/video\/85348","targetHints":{"allow":["GET"]}}],"collection":[{"href":"https:\/\/www.tv2000.it\/tg2000\/wp-json\/wp\/v2\/video"}],"about":[{"href":"https:\/\/www.tv2000.it\/tg2000\/wp-json\/wp\/v2\/types\/video"}],"replies":[{"embeddable":true,"href":"https:\/\/www.tv2000.it\/tg2000\/wp-json\/wp\/v2\/comments?post=85348"}],"wp:featuredmedia":[{"embeddable":true,"href":"https:\/\/www.tv2000.it\/tg2000\/wp-json\/wp\/v2\/media\/85349"}],"wp:attachment":[{"href":"https:\/\/www.tv2000.it\/tg2000\/wp-json\/wp\/v2\/media?parent=85348"}],"wp:term":[{"taxonomy":"post_tag","embeddable":true,"href":"https:\/\/www.tv2000.it\/tg2000\/wp-json\/wp\/v2\/tags?post=85348"}],"curies":[{"name":"wp","href":"https:\/\/api.w.org\/{rel}","templated":true}]}}

Covid, in Cina è tornata l&#8217;emergenza. Jilin prima provincia in lockdown dal 2020

<p>In Cina è tornata l&#8217;emergenza covid e Jilin è la prima provincia in lockdown dal 2020. Servizio di Marco Burini</p>
