{"id":85408,"date":"2022-03-15T20:12:55","date_gmt":"2022-03-15T19:12:55","guid":{"rendered":"http:\/\/www.tv2000.it\/tg2000\/?post_type=video&#038;p=85408"},"modified":"2022-03-15T21:13:02","modified_gmt":"2022-03-15T20:13:02","slug":"papa-francesco-il-25-marzo-consacrera-russia-e-ucraina-al-cuore-immacolato-di-maria","status":"publish","type":"video","link":"https:\/\/www.tv2000.it\/tg2000\/video\/papa-francesco-il-25-marzo-consacrera-russia-e-ucraina-al-cuore-immacolato-di-maria\/","title":{"rendered":"Papa Francesco il 25 marzo consacrer\u00e0 Russia e Ucraina al Cuore Immacolato di Maria"},"content":{"rendered":"<p>&#8220;Venerd\u00ec 25 marzo, durante la Celebrazione della Penitenza che presieder\u00e0 alle 17 nella Basilica di San Pietro, Papa Francesco consacrer\u00e0 all\u2019Immacolato Cuore di Maria la Russia e l\u2019Ucraina. Lo stesso atto, lo stesso giorno, sar\u00e0 compiuto a Fatima dal cardinale Konrad Krajewski, elemosiniere pontificio, come inviato dal Santo Padre&#8221;. Lo rende noto in una dichiarazione il direttore della Sala Stampa della Santa Sede Matteo Bruni. Per la consacrazione \u00e8 stato scelto il giorno della festa dell\u2019Annunciazione del Signore.<\/p>\n","protected":false},"featured_media":85410,"comment_status":"closed","ping_status":"closed","template":"","tags":[443,801],"class_list":["post-85408","video","type-video","status-publish","has-post-thumbnail","hentry","tag-papafrancesco","tag-ucraina","video_category-news"],"acf":[],"aioseo_notices":[],"url_youtube":"KXOLmZ2LEd8","featured_image_url":"https:\/\/i.ytimg.com\/vi\/KXOLmZ2LEd8\/mqdefault.jpg","_links":{"self":[{"href":"https:\/\/www.tv2000.it\/tg2000\/wp-json\/wp\/v2\/video\/85408","targetHints":{"allow":["GET"]}}],"collection":[{"href":"https:\/\/www.tv2000.it\/tg2000\/wp-json\/wp\/v2\/video"}],"about":[{"href":"https:\/\/www.tv2000.it\/tg2000\/wp-json\/wp\/v2\/types\/video"}],"replies":[{"embeddable":true,"href":"https:\/\/www.tv2000.it\/tg2000\/wp-json\/wp\/v2\/comments?post=85408"}],"wp:featuredmedia":[{"embeddable":true,"href":"https:\/\/www.tv2000.it\/tg2000\/wp-json\/wp\/v2\/media\/85410"}],"wp:attachment":[{"href":"https:\/\/www.tv2000.it\/tg2000\/wp-json\/wp\/v2\/media?parent=85408"}],"wp:term":[{"taxonomy":"post_tag","embeddable":true,"href":"https:\/\/www.tv2000.it\/tg2000\/wp-json\/wp\/v2\/tags?post=85408"}],"curies":[{"name":"wp","href":"https:\/\/api.w.org\/{rel}","templated":true}]}}

Papa Francesco il 25 marzo consacrerà Russia e Ucraina al Cuore Immacolato di Maria

<p>&#8220;Venerdì 25 marzo, durante la Celebrazione della Penitenza che presiederà alle 17 nella Basilica di San Pietro, Papa Francesco consacrerà all’Immacolato Cuore di Maria la Russia e l’Ucraina. Lo stesso atto, lo stesso giorno, sarà compiuto a Fatima dal cardinale Konrad Krajewski, elemosiniere pontificio, come inviato dal Santo Padre&#8221;. Lo rende noto in una dichiarazione il direttore della Sala Stampa della Santa Sede Matteo Bruni. Per la consacrazione è stato scelto il giorno della festa dell’Annunciazione del Signore.</p>
