{"id":85606,"date":"2022-03-21T11:34:46","date_gmt":"2022-03-21T10:34:46","guid":{"rendered":"http:\/\/www.tv2000.it\/tg2000\/?post_type=video&#038;p=85606"},"modified":"2022-03-21T11:34:46","modified_gmt":"2022-03-21T10:34:46","slug":"papa-in-visita-al-bambino-gesu-la-carezza-di-francesco-ai-bimbi-ucraini","status":"publish","type":"video","link":"https:\/\/www.tv2000.it\/tg2000\/video\/papa-in-visita-al-bambino-gesu-la-carezza-di-francesco-ai-bimbi-ucraini\/","title":{"rendered":"Papa in visita al Bambino Ges\u00f9. La carezza di Francesco ai bimbi ucraini"},"content":{"rendered":"<p>Papa Francesco si \u00e8 recato all&#8217;Ospedale pediatrico Bambino Ges\u00f9 per visitare il reparto dove si trovano i bambini ricoverati arrivati dall&#8217;Ucraina in questi ultimi giorni. Il servizio di Pierluigi Vito.<\/p>\n","protected":false},"featured_media":85607,"comment_status":"closed","ping_status":"closed","template":"","tags":[],"class_list":["post-85606","video","type-video","status-publish","has-post-thumbnail","hentry","video_category-news"],"acf":[],"aioseo_notices":[],"url_youtube":"PiKYedN9WBU","featured_image_url":"https:\/\/i.ytimg.com\/vi\/PiKYedN9WBU\/mqdefault.jpg","_links":{"self":[{"href":"https:\/\/www.tv2000.it\/tg2000\/wp-json\/wp\/v2\/video\/85606","targetHints":{"allow":["GET"]}}],"collection":[{"href":"https:\/\/www.tv2000.it\/tg2000\/wp-json\/wp\/v2\/video"}],"about":[{"href":"https:\/\/www.tv2000.it\/tg2000\/wp-json\/wp\/v2\/types\/video"}],"replies":[{"embeddable":true,"href":"https:\/\/www.tv2000.it\/tg2000\/wp-json\/wp\/v2\/comments?post=85606"}],"wp:featuredmedia":[{"embeddable":true,"href":"https:\/\/www.tv2000.it\/tg2000\/wp-json\/wp\/v2\/media\/85607"}],"wp:attachment":[{"href":"https:\/\/www.tv2000.it\/tg2000\/wp-json\/wp\/v2\/media?parent=85606"}],"wp:term":[{"taxonomy":"post_tag","embeddable":true,"href":"https:\/\/www.tv2000.it\/tg2000\/wp-json\/wp\/v2\/tags?post=85606"}],"curies":[{"name":"wp","href":"https:\/\/api.w.org\/{rel}","templated":true}]}}

Papa in visita al Bambino Gesù. La carezza di Francesco ai bimbi ucraini

<p>Papa Francesco si è recato all&#8217;Ospedale pediatrico Bambino Gesù per visitare il reparto dove si trovano i bambini ricoverati arrivati dall&#8217;Ucraina in questi ultimi giorni. Il servizio di Pierluigi Vito.</p>
