{"id":86130,"date":"2022-03-31T19:48:45","date_gmt":"2022-03-31T17:48:45","guid":{"rendered":"http:\/\/www.tv2000.it\/tg2000\/?post_type=video&#038;p=86130"},"modified":"2022-03-31T20:52:35","modified_gmt":"2022-03-31T18:52:36","slug":"congedo-parentale-cambiano-le-regole-ecco-tutte-le-novita","status":"publish","type":"video","link":"https:\/\/www.tv2000.it\/tg2000\/video\/congedo-parentale-cambiano-le-regole-ecco-tutte-le-novita\/","title":{"rendered":"Congedo parentale, cambiano le regole. Ecco tutte le novit\u00e0"},"content":{"rendered":"<p>Cambiano le regole per il congedo parentale. Tra le novit\u00e0 c&#8217;\u00e8 anche l&#8217;aumento del limite di et\u00e0 dei figli per cui si pu\u00f2 chiedere e i mesi coperti da indennit\u00e0 per ciascun genitore. Servizio di Alessandra Camarca<\/p>\n","protected":false},"featured_media":86131,"comment_status":"closed","ping_status":"closed","template":"","tags":[],"class_list":["post-86130","video","type-video","status-publish","has-post-thumbnail","hentry","video_category-news"],"acf":[],"aioseo_notices":[],"url_youtube":"2d5zcxdXn1g","featured_image_url":"https:\/\/i.ytimg.com\/vi\/2d5zcxdXn1g\/mqdefault.jpg","_links":{"self":[{"href":"https:\/\/www.tv2000.it\/tg2000\/wp-json\/wp\/v2\/video\/86130","targetHints":{"allow":["GET"]}}],"collection":[{"href":"https:\/\/www.tv2000.it\/tg2000\/wp-json\/wp\/v2\/video"}],"about":[{"href":"https:\/\/www.tv2000.it\/tg2000\/wp-json\/wp\/v2\/types\/video"}],"replies":[{"embeddable":true,"href":"https:\/\/www.tv2000.it\/tg2000\/wp-json\/wp\/v2\/comments?post=86130"}],"wp:featuredmedia":[{"embeddable":true,"href":"https:\/\/www.tv2000.it\/tg2000\/wp-json\/wp\/v2\/media\/86131"}],"wp:attachment":[{"href":"https:\/\/www.tv2000.it\/tg2000\/wp-json\/wp\/v2\/media?parent=86130"}],"wp:term":[{"taxonomy":"post_tag","embeddable":true,"href":"https:\/\/www.tv2000.it\/tg2000\/wp-json\/wp\/v2\/tags?post=86130"}],"curies":[{"name":"wp","href":"https:\/\/api.w.org\/{rel}","templated":true}]}}

Congedo parentale, cambiano le regole. Ecco tutte le novità

<p>Cambiano le regole per il congedo parentale. Tra le novità c&#8217;è anche l&#8217;aumento del limite di età dei figli per cui si può chiedere e i mesi coperti da indennità per ciascun genitore. Servizio di Alessandra Camarca</p>
