{"id":86228,"date":"2022-04-04T12:24:34","date_gmt":"2022-04-04T10:24:34","guid":{"rendered":"http:\/\/www.tv2000.it\/tg2000\/?post_type=video&#038;p=86228"},"modified":"2022-04-04T12:24:34","modified_gmt":"2022-04-04T10:24:34","slug":"ucraina-vescovo-di-chisinau-moldavia-abbiamo-chiesto-alle-famiglie-di-aprire-le-loro-case","status":"publish","type":"video","link":"https:\/\/www.tv2000.it\/tg2000\/video\/ucraina-vescovo-di-chisinau-moldavia-abbiamo-chiesto-alle-famiglie-di-aprire-le-loro-case\/","title":{"rendered":"Ucraina, vescovo di Chi\u015fin\u0103u (Moldavia): &#8220;Abbiamo chiesto alle famiglie di aprire le loro case&#8221;"},"content":{"rendered":"<p>&#8220;Abbiamo invitato le nostre famiglie ad aprire le loro case ed accogliere i rifugiati perch\u00e9 le nostre strutture non riuscivano ad accogliere in modo veloce tanta gente. Abbiamo aperto anche un fondo della carit\u00e0 per aiutare le mamme incinta&#8221;. Cos\u00ec Mons. Anton Cosa, vescovo di Chi\u015fin\u0103u (Moldavia), al microfono dell&#8217;inviato del Tg2000, Maurizio Di Schino.<\/p>\n","protected":false},"featured_media":86229,"comment_status":"closed","ping_status":"closed","template":"","tags":[],"class_list":["post-86228","video","type-video","status-publish","has-post-thumbnail","hentry","video_category-news"],"acf":[],"aioseo_notices":[],"url_youtube":"lWDFDK9Sw7Y","featured_image_url":"https:\/\/i.ytimg.com\/vi\/lWDFDK9Sw7Y\/mqdefault.jpg","_links":{"self":[{"href":"https:\/\/www.tv2000.it\/tg2000\/wp-json\/wp\/v2\/video\/86228","targetHints":{"allow":["GET"]}}],"collection":[{"href":"https:\/\/www.tv2000.it\/tg2000\/wp-json\/wp\/v2\/video"}],"about":[{"href":"https:\/\/www.tv2000.it\/tg2000\/wp-json\/wp\/v2\/types\/video"}],"replies":[{"embeddable":true,"href":"https:\/\/www.tv2000.it\/tg2000\/wp-json\/wp\/v2\/comments?post=86228"}],"wp:featuredmedia":[{"embeddable":true,"href":"https:\/\/www.tv2000.it\/tg2000\/wp-json\/wp\/v2\/media\/86229"}],"wp:attachment":[{"href":"https:\/\/www.tv2000.it\/tg2000\/wp-json\/wp\/v2\/media?parent=86228"}],"wp:term":[{"taxonomy":"post_tag","embeddable":true,"href":"https:\/\/www.tv2000.it\/tg2000\/wp-json\/wp\/v2\/tags?post=86228"}],"curies":[{"name":"wp","href":"https:\/\/api.w.org\/{rel}","templated":true}]}}

Ucraina, vescovo di Chişinău (Moldavia): &#8220;Abbiamo chiesto alle famiglie di aprire le loro case&#8221;

<p>&#8220;Abbiamo invitato le nostre famiglie ad aprire le loro case ed accogliere i rifugiati perché le nostre strutture non riuscivano ad accogliere in modo veloce tanta gente. Abbiamo aperto anche un fondo della carità per aiutare le mamme incinta&#8221;. Così Mons. Anton Cosa, vescovo di Chişinău (Moldavia), al microfono dell&#8217;inviato del Tg2000, Maurizio Di Schino.</p>
