{"id":86478,"date":"2022-04-08T19:28:46","date_gmt":"2022-04-08T17:28:46","guid":{"rendered":"http:\/\/www.tv2000.it\/tg2000\/?post_type=video&#038;p=86478"},"modified":"2022-04-08T19:29:08","modified_gmt":"2022-04-08T17:29:08","slug":"a-pasqua-torneranno-a-viaggiare-14-milioni-di-italiani","status":"publish","type":"video","link":"https:\/\/www.tv2000.it\/tg2000\/video\/a-pasqua-torneranno-a-viaggiare-14-milioni-di-italiani\/","title":{"rendered":"A Pasqua torneranno a viaggiare 14 milioni di italiani"},"content":{"rendered":"<p>Pasqua \u00e8 alle porte e si affaccia un recuperato senso di normalit\u00e0 dopo le restrizioni della pandemia. Saranno circa 14 milioni, infatti, gli italiani in viaggio per le festivit\u00e0. Servizio di Francesco Durante<\/p>\n","protected":false},"featured_media":86479,"comment_status":"closed","ping_status":"closed","template":"","tags":[],"class_list":["post-86478","video","type-video","status-publish","has-post-thumbnail","hentry","video_category-news"],"acf":[],"aioseo_notices":[],"url_youtube":"QOU0lUbS3Lg","featured_image_url":"https:\/\/i.ytimg.com\/vi\/QOU0lUbS3Lg\/mqdefault.jpg","_links":{"self":[{"href":"https:\/\/www.tv2000.it\/tg2000\/wp-json\/wp\/v2\/video\/86478","targetHints":{"allow":["GET"]}}],"collection":[{"href":"https:\/\/www.tv2000.it\/tg2000\/wp-json\/wp\/v2\/video"}],"about":[{"href":"https:\/\/www.tv2000.it\/tg2000\/wp-json\/wp\/v2\/types\/video"}],"replies":[{"embeddable":true,"href":"https:\/\/www.tv2000.it\/tg2000\/wp-json\/wp\/v2\/comments?post=86478"}],"wp:featuredmedia":[{"embeddable":true,"href":"https:\/\/www.tv2000.it\/tg2000\/wp-json\/wp\/v2\/media\/86479"}],"wp:attachment":[{"href":"https:\/\/www.tv2000.it\/tg2000\/wp-json\/wp\/v2\/media?parent=86478"}],"wp:term":[{"taxonomy":"post_tag","embeddable":true,"href":"https:\/\/www.tv2000.it\/tg2000\/wp-json\/wp\/v2\/tags?post=86478"}],"curies":[{"name":"wp","href":"https:\/\/api.w.org\/{rel}","templated":true}]}}

<p>Pasqua è alle porte e si affaccia un recuperato senso di normalità dopo le restrizioni della pandemia. Saranno circa 14 milioni, infatti, gli italiani in viaggio per le festività. Servizio di Francesco Durante</p>
