{"id":86650,"date":"2022-04-13T12:47:52","date_gmt":"2022-04-13T10:47:52","guid":{"rendered":"http:\/\/www.tv2000.it\/tg2000\/?post_type=video&#038;p=86650"},"modified":"2022-04-13T12:47:52","modified_gmt":"2022-04-13T10:47:52","slug":"la-gazzetta-del-sud-compie-70-anni-lino-morgante-giornale-che-da-voce-al-sud","status":"publish","type":"video","link":"https:\/\/www.tv2000.it\/tg2000\/video\/la-gazzetta-del-sud-compie-70-anni-lino-morgante-giornale-che-da-voce-al-sud\/","title":{"rendered":"La Gazzetta del Sud compie 70 anni. Lino Morgante: &#8220;Giornale che d\u00e0 voce al Sud&#8221;"},"content":{"rendered":"<p>La Gazzetta del Sud spegne oggi 70 candeline. In questi anni, il quotidiano \u00e8 diventato punto di riferimento e voce del meridione d&#8217;Italia. Il commento di Lino Morgante, presidente Societ\u00e0 Editrice Sud: &#8220;Un giornale ponte tra Sicilia e Calabria per dare voce al Sud. \u00c8 stato un cammino lungo ma ricco di soddisfazioni&#8221;. Il servizio di Pierluigi Vito.<\/p>\n","protected":false},"featured_media":86651,"comment_status":"closed","ping_status":"closed","template":"","tags":[],"class_list":["post-86650","video","type-video","status-publish","has-post-thumbnail","hentry","video_category-attualita","video_category-news"],"acf":[],"aioseo_notices":[],"url_youtube":"RGrXj-YBsoY","featured_image_url":"https:\/\/i.ytimg.com\/vi\/RGrXj-YBsoY\/mqdefault.jpg","_links":{"self":[{"href":"https:\/\/www.tv2000.it\/tg2000\/wp-json\/wp\/v2\/video\/86650","targetHints":{"allow":["GET"]}}],"collection":[{"href":"https:\/\/www.tv2000.it\/tg2000\/wp-json\/wp\/v2\/video"}],"about":[{"href":"https:\/\/www.tv2000.it\/tg2000\/wp-json\/wp\/v2\/types\/video"}],"replies":[{"embeddable":true,"href":"https:\/\/www.tv2000.it\/tg2000\/wp-json\/wp\/v2\/comments?post=86650"}],"wp:featuredmedia":[{"embeddable":true,"href":"https:\/\/www.tv2000.it\/tg2000\/wp-json\/wp\/v2\/media\/86651"}],"wp:attachment":[{"href":"https:\/\/www.tv2000.it\/tg2000\/wp-json\/wp\/v2\/media?parent=86650"}],"wp:term":[{"taxonomy":"post_tag","embeddable":true,"href":"https:\/\/www.tv2000.it\/tg2000\/wp-json\/wp\/v2\/tags?post=86650"}],"curies":[{"name":"wp","href":"https:\/\/api.w.org\/{rel}","templated":true}]}}

La Gazzetta del Sud compie 70 anni. Lino Morgante: &#8220;Giornale che dà voce al Sud&#8221;

<p>La Gazzetta del Sud spegne oggi 70 candeline. In questi anni, il quotidiano è diventato punto di riferimento e voce del meridione d&#8217;Italia. Il commento di Lino Morgante, presidente Società Editrice Sud: &#8220;Un giornale ponte tra Sicilia e Calabria per dare voce al Sud. È stato un cammino lungo ma ricco di soddisfazioni&#8221;. Il servizio di Pierluigi Vito.</p>
