{"id":86925,"date":"2022-04-21T19:31:43","date_gmt":"2022-04-21T17:31:43","guid":{"rendered":"http:\/\/www.tv2000.it\/tg2000\/?post_type=video&#038;p=86925"},"modified":"2022-04-21T19:31:53","modified_gmt":"2022-04-21T17:31:53","slug":"covid-ministro-speranza-la-pandemia-non-e-conclusa-virus-non-e-scomparso","status":"publish","type":"video","link":"https:\/\/www.tv2000.it\/tg2000\/video\/covid-ministro-speranza-la-pandemia-non-e-conclusa-virus-non-e-scomparso\/","title":{"rendered":"Covid, ministro Speranza: &#8220;La pandemia non \u00e8 conclusa. Virus non \u00e8 scomparso&#8221;"},"content":{"rendered":"<p>&#8220;La pandemia non \u00e8 conclusa: siamo usciti dallo stato di emergenza ma il virus non \u00e8 scomparso\u201d. \u00c8 il monito del ministro della salute, Speranza, a pochi giorni dal 1\u00b0 maggio data in cui dovrebbe decadere l&#8217;obbligo delle mascherine al chiuso, provvedimento sul quale il dibattito \u00e8 ancora aperto. Servizio di Letizia Davoli.<\/p>\n","protected":false},"featured_media":86926,"comment_status":"closed","ping_status":"closed","template":"","tags":[2000],"class_list":["post-86925","video","type-video","status-publish","has-post-thumbnail","hentry","tag-coronavirus","video_category-attualita","video_category-news"],"acf":[],"aioseo_notices":[],"url_youtube":"vVR2Sd9IYU4","featured_image_url":"https:\/\/i.ytimg.com\/vi\/vVR2Sd9IYU4\/mqdefault.jpg","_links":{"self":[{"href":"https:\/\/www.tv2000.it\/tg2000\/wp-json\/wp\/v2\/video\/86925","targetHints":{"allow":["GET"]}}],"collection":[{"href":"https:\/\/www.tv2000.it\/tg2000\/wp-json\/wp\/v2\/video"}],"about":[{"href":"https:\/\/www.tv2000.it\/tg2000\/wp-json\/wp\/v2\/types\/video"}],"replies":[{"embeddable":true,"href":"https:\/\/www.tv2000.it\/tg2000\/wp-json\/wp\/v2\/comments?post=86925"}],"wp:featuredmedia":[{"embeddable":true,"href":"https:\/\/www.tv2000.it\/tg2000\/wp-json\/wp\/v2\/media\/86926"}],"wp:attachment":[{"href":"https:\/\/www.tv2000.it\/tg2000\/wp-json\/wp\/v2\/media?parent=86925"}],"wp:term":[{"taxonomy":"post_tag","embeddable":true,"href":"https:\/\/www.tv2000.it\/tg2000\/wp-json\/wp\/v2\/tags?post=86925"}],"curies":[{"name":"wp","href":"https:\/\/api.w.org\/{rel}","templated":true}]}}

Covid, ministro Speranza: &#8220;La pandemia non è conclusa. Virus non è scomparso&#8221;

<p>&#8220;La pandemia non è conclusa: siamo usciti dallo stato di emergenza ma il virus non è scomparso”. È il monito del ministro della salute, Speranza, a pochi giorni dal 1° maggio data in cui dovrebbe decadere l&#8217;obbligo delle mascherine al chiuso, provvedimento sul quale il dibattito è ancora aperto. Servizio di Letizia Davoli.</p>
