{"id":89061,"date":"2022-06-14T19:52:59","date_gmt":"2022-06-14T17:52:59","guid":{"rendered":"http:\/\/www.tv2000.it\/tg2000\/?post_type=video&#038;p=89061"},"modified":"2022-06-14T19:52:59","modified_gmt":"2022-06-14T17:52:59","slug":"la-poverta-nel-mondo-e-in-italia-dati-e-statistiche","status":"publish","type":"video","link":"https:\/\/www.tv2000.it\/tg2000\/video\/la-poverta-nel-mondo-e-in-italia-dati-e-statistiche\/","title":{"rendered":"La povert\u00e0 nel mondo e in Italia: dati e statistiche"},"content":{"rendered":"<p>Quante sono le ombre di povert\u00e0 che, in ogni angolo del pianeta, oscurano il diritto ad un presente e futuro dignitoso? Una fotografia sulle povert\u00e0 in Italia e nel mondo, nel servizio di Francesco Durante.<\/p>\n","protected":false},"featured_media":89062,"comment_status":"closed","ping_status":"closed","template":"","tags":[],"class_list":["post-89061","video","type-video","status-publish","has-post-thumbnail","hentry","video_category-news","video_category-societa"],"acf":[],"aioseo_notices":[],"url_youtube":"2ffsMNaW-Ic","featured_image_url":"https:\/\/i.ytimg.com\/vi\/2ffsMNaW-Ic\/mqdefault.jpg","_links":{"self":[{"href":"https:\/\/www.tv2000.it\/tg2000\/wp-json\/wp\/v2\/video\/89061","targetHints":{"allow":["GET"]}}],"collection":[{"href":"https:\/\/www.tv2000.it\/tg2000\/wp-json\/wp\/v2\/video"}],"about":[{"href":"https:\/\/www.tv2000.it\/tg2000\/wp-json\/wp\/v2\/types\/video"}],"replies":[{"embeddable":true,"href":"https:\/\/www.tv2000.it\/tg2000\/wp-json\/wp\/v2\/comments?post=89061"}],"wp:featuredmedia":[{"embeddable":true,"href":"https:\/\/www.tv2000.it\/tg2000\/wp-json\/wp\/v2\/media\/89062"}],"wp:attachment":[{"href":"https:\/\/www.tv2000.it\/tg2000\/wp-json\/wp\/v2\/media?parent=89061"}],"wp:term":[{"taxonomy":"post_tag","embeddable":true,"href":"https:\/\/www.tv2000.it\/tg2000\/wp-json\/wp\/v2\/tags?post=89061"}],"curies":[{"name":"wp","href":"https:\/\/api.w.org\/{rel}","templated":true}]}}

La povertà nel mondo e in Italia: dati e statistiche

<p>Quante sono le ombre di povertà che, in ogni angolo del pianeta, oscurano il diritto ad un presente e futuro dignitoso? Una fotografia sulle povertà in Italia e nel mondo, nel servizio di Francesco Durante.</p>
