{"id":89098,"date":"2022-06-15T19:33:02","date_gmt":"2022-06-15T17:33:02","guid":{"rendered":"http:\/\/www.tv2000.it\/tg2000\/?post_type=video&#038;p=89098"},"modified":"2022-06-15T19:33:13","modified_gmt":"2022-06-15T17:33:13","slug":"poverta-istat-in-italia-amara-realta-per-5-milioni","status":"publish","type":"video","link":"https:\/\/www.tv2000.it\/tg2000\/video\/poverta-istat-in-italia-amara-realta-per-5-milioni\/","title":{"rendered":"Povert\u00e0, Istat: in Italia amara realt\u00e0 per 5 milioni"},"content":{"rendered":"<p>La poverta&#8217; e&#8217; una amara realt\u00e0 quotidiana per oltre 5 milioni di italiani. Dall&#8217;Istat la conferma. Mai cos\u00ec alto il numero di poveri assoluti cio\u00e8 di connazionali che non hanno la possibilita&#8217; di accedere alle spese elementari. Servizio di Luciano Piscaglia<\/p>\n","protected":false},"featured_media":89100,"comment_status":"closed","ping_status":"closed","template":"","tags":[],"class_list":["post-89098","video","type-video","status-publish","has-post-thumbnail","hentry","video_category-consumi","video_category-news","video_category-societa"],"acf":[],"aioseo_notices":[],"url_youtube":"td_AFbgUCS0","featured_image_url":"https:\/\/i.ytimg.com\/vi\/td_AFbgUCS0\/mqdefault.jpg","_links":{"self":[{"href":"https:\/\/www.tv2000.it\/tg2000\/wp-json\/wp\/v2\/video\/89098","targetHints":{"allow":["GET"]}}],"collection":[{"href":"https:\/\/www.tv2000.it\/tg2000\/wp-json\/wp\/v2\/video"}],"about":[{"href":"https:\/\/www.tv2000.it\/tg2000\/wp-json\/wp\/v2\/types\/video"}],"replies":[{"embeddable":true,"href":"https:\/\/www.tv2000.it\/tg2000\/wp-json\/wp\/v2\/comments?post=89098"}],"wp:featuredmedia":[{"embeddable":true,"href":"https:\/\/www.tv2000.it\/tg2000\/wp-json\/wp\/v2\/media\/89100"}],"wp:attachment":[{"href":"https:\/\/www.tv2000.it\/tg2000\/wp-json\/wp\/v2\/media?parent=89098"}],"wp:term":[{"taxonomy":"post_tag","embeddable":true,"href":"https:\/\/www.tv2000.it\/tg2000\/wp-json\/wp\/v2\/tags?post=89098"}],"curies":[{"name":"wp","href":"https:\/\/api.w.org\/{rel}","templated":true}]}}

Povertà, Istat: in Italia amara realtà per 5 milioni

<p>La poverta&#8217; e&#8217; una amara realtà quotidiana per oltre 5 milioni di italiani. Dall&#8217;Istat la conferma. Mai così alto il numero di poveri assoluti cioè di connazionali che non hanno la possibilita&#8217; di accedere alle spese elementari. Servizio di Luciano Piscaglia</p>
