{"id":89191,"date":"2022-06-17T12:50:35","date_gmt":"2022-06-17T10:50:35","guid":{"rendered":"http:\/\/www.tv2000.it\/tg2000\/?post_type=video&#038;p=89191"},"modified":"2022-06-17T12:50:35","modified_gmt":"2022-06-17T10:50:35","slug":"giornata-mondiale-per-la-lotta-alla-desertificazione-siccita-preoccupa-anche-litalia","status":"publish","type":"video","link":"https:\/\/www.tv2000.it\/tg2000\/video\/giornata-mondiale-per-la-lotta-alla-desertificazione-siccita-preoccupa-anche-litalia\/","title":{"rendered":"Giornata mondiale per la lotta alla desertificazione. Siccit\u00e0 preoccupa anche l&#8217;Italia"},"content":{"rendered":"<p>Oggi \u00e8 la Giornata mondiale per la lotta alla desertificazione, conseguenza della siccit\u00e0 che sta colpendo anche l&#8217;Italia con ricadute preoccupanti. Il servizio di Caterina Dall&#8217;Olio.<\/p>\n","protected":false},"featured_media":89192,"comment_status":"closed","ping_status":"closed","template":"","tags":[],"class_list":["post-89191","video","type-video","status-publish","has-post-thumbnail","hentry","video_category-ambiente","video_category-news"],"acf":[],"aioseo_notices":[],"url_youtube":"fUvRSyrLb0E","featured_image_url":"https:\/\/i.ytimg.com\/vi\/fUvRSyrLb0E\/mqdefault.jpg","_links":{"self":[{"href":"https:\/\/www.tv2000.it\/tg2000\/wp-json\/wp\/v2\/video\/89191","targetHints":{"allow":["GET"]}}],"collection":[{"href":"https:\/\/www.tv2000.it\/tg2000\/wp-json\/wp\/v2\/video"}],"about":[{"href":"https:\/\/www.tv2000.it\/tg2000\/wp-json\/wp\/v2\/types\/video"}],"replies":[{"embeddable":true,"href":"https:\/\/www.tv2000.it\/tg2000\/wp-json\/wp\/v2\/comments?post=89191"}],"wp:featuredmedia":[{"embeddable":true,"href":"https:\/\/www.tv2000.it\/tg2000\/wp-json\/wp\/v2\/media\/89192"}],"wp:attachment":[{"href":"https:\/\/www.tv2000.it\/tg2000\/wp-json\/wp\/v2\/media?parent=89191"}],"wp:term":[{"taxonomy":"post_tag","embeddable":true,"href":"https:\/\/www.tv2000.it\/tg2000\/wp-json\/wp\/v2\/tags?post=89191"}],"curies":[{"name":"wp","href":"https:\/\/api.w.org\/{rel}","templated":true}]}}

Giornata mondiale per la lotta alla desertificazione. Siccità preoccupa anche l&#8217;Italia

<p>Oggi è la Giornata mondiale per la lotta alla desertificazione, conseguenza della siccità che sta colpendo anche l&#8217;Italia con ricadute preoccupanti. Il servizio di Caterina Dall&#8217;Olio.</p>
