{"id":89222,"date":"2022-06-17T20:17:23","date_gmt":"2022-06-17T18:17:23","guid":{"rendered":"http:\/\/www.tv2000.it\/tg2000\/?post_type=video&#038;p=89222"},"modified":"2022-06-17T20:17:32","modified_gmt":"2022-06-17T18:17:32","slug":"stop-a-isolamento-per-positivi-anelli-fnomceo-non-ci-sono-le-condizioni","status":"publish","type":"video","link":"https:\/\/www.tv2000.it\/tg2000\/video\/stop-a-isolamento-per-positivi-anelli-fnomceo-non-ci-sono-le-condizioni\/","title":{"rendered":"Stop a isolamento per positivi, Anelli (FNOMCeO): \u201cNon ci sono le condizioni\u201d"},"content":{"rendered":"<p>\u201cManderemmo in giro un malato di morbillo a diffondere la malattia? No. E lo stesso dobbiamo fare con il Covid, per solidariet\u00e0 ai soggetti pi\u00f9 fragili per i quali la malattia pu\u00f2 avere esiti gravi. Non dobbiamo sovraccaricare gli ospedali\u201d. Cos\u00ec il presidente della FNOMCeO, la Federazione nazionale degli Ordini dei Medici, commenta al Tg2000 l\u2019ipotesi di eliminare l\u2019obbligo di isolamento domiciliare per chi risulta positivo al Covid.<\/p>\n","protected":false},"featured_media":89224,"comment_status":"closed","ping_status":"closed","template":"","tags":[],"class_list":["post-89222","video","type-video","status-publish","has-post-thumbnail","hentry","video_category-news"],"acf":[],"aioseo_notices":[],"url_youtube":"Nh9LgELPjg8","featured_image_url":"https:\/\/i.ytimg.com\/vi\/Nh9LgELPjg8\/mqdefault.jpg","_links":{"self":[{"href":"https:\/\/www.tv2000.it\/tg2000\/wp-json\/wp\/v2\/video\/89222","targetHints":{"allow":["GET"]}}],"collection":[{"href":"https:\/\/www.tv2000.it\/tg2000\/wp-json\/wp\/v2\/video"}],"about":[{"href":"https:\/\/www.tv2000.it\/tg2000\/wp-json\/wp\/v2\/types\/video"}],"replies":[{"embeddable":true,"href":"https:\/\/www.tv2000.it\/tg2000\/wp-json\/wp\/v2\/comments?post=89222"}],"wp:featuredmedia":[{"embeddable":true,"href":"https:\/\/www.tv2000.it\/tg2000\/wp-json\/wp\/v2\/media\/89224"}],"wp:attachment":[{"href":"https:\/\/www.tv2000.it\/tg2000\/wp-json\/wp\/v2\/media?parent=89222"}],"wp:term":[{"taxonomy":"post_tag","embeddable":true,"href":"https:\/\/www.tv2000.it\/tg2000\/wp-json\/wp\/v2\/tags?post=89222"}],"curies":[{"name":"wp","href":"https:\/\/api.w.org\/{rel}","templated":true}]}}

<p>“Manderemmo in giro un malato di morbillo a diffondere la malattia? No. E lo stesso dobbiamo fare con il Covid, per solidarietà ai soggetti più fragili per i quali la malattia può avere esiti gravi. Non dobbiamo sovraccaricare gli ospedali”. Così il presidente della FNOMCeO, la Federazione nazionale degli Ordini dei Medici, commenta al Tg2000 l’ipotesi di eliminare l’obbligo di isolamento domiciliare per chi risulta positivo al Covid.</p>
