{"id":89440,"date":"2022-06-24T12:33:59","date_gmt":"2022-06-24T10:33:59","guid":{"rendered":"http:\/\/www.tv2000.it\/tg2000\/?post_type=video&#038;p=89440"},"modified":"2022-06-24T12:33:59","modified_gmt":"2022-06-24T10:33:59","slug":"tutti-i-mali-del-po-tra-siccita-e-speranza-di-rinascita","status":"publish","type":"video","link":"https:\/\/www.tv2000.it\/tg2000\/video\/tutti-i-mali-del-po-tra-siccita-e-speranza-di-rinascita\/","title":{"rendered":"Tutti i mali del Po tra siccit\u00e0 e speranza di rinascita"},"content":{"rendered":"<p>Non ci sar\u00e0 ancora sollievo per i nostri fiumi, in crisi anche il pi\u00f9 grande corso fluviale italiano, il Po. Il servizio di Caterina Dall&#8217;Olio.<\/p>\n","protected":false},"featured_media":89441,"comment_status":"closed","ping_status":"closed","template":"","tags":[817,2175],"class_list":["post-89440","video","type-video","status-publish","has-post-thumbnail","hentry","tag-ambiente","tag-siccita","video_category-ambiente","video_category-news"],"acf":[],"aioseo_notices":[],"url_youtube":"ezK3yuleLCQ","featured_image_url":"https:\/\/i.ytimg.com\/vi\/ezK3yuleLCQ\/mqdefault.jpg","_links":{"self":[{"href":"https:\/\/www.tv2000.it\/tg2000\/wp-json\/wp\/v2\/video\/89440","targetHints":{"allow":["GET"]}}],"collection":[{"href":"https:\/\/www.tv2000.it\/tg2000\/wp-json\/wp\/v2\/video"}],"about":[{"href":"https:\/\/www.tv2000.it\/tg2000\/wp-json\/wp\/v2\/types\/video"}],"replies":[{"embeddable":true,"href":"https:\/\/www.tv2000.it\/tg2000\/wp-json\/wp\/v2\/comments?post=89440"}],"wp:featuredmedia":[{"embeddable":true,"href":"https:\/\/www.tv2000.it\/tg2000\/wp-json\/wp\/v2\/media\/89441"}],"wp:attachment":[{"href":"https:\/\/www.tv2000.it\/tg2000\/wp-json\/wp\/v2\/media?parent=89440"}],"wp:term":[{"taxonomy":"post_tag","embeddable":true,"href":"https:\/\/www.tv2000.it\/tg2000\/wp-json\/wp\/v2\/tags?post=89440"}],"curies":[{"name":"wp","href":"https:\/\/api.w.org\/{rel}","templated":true}]}}

Tutti i mali del Po tra siccità e speranza di rinascita

<p>Non ci sarà ancora sollievo per i nostri fiumi, in crisi anche il più grande corso fluviale italiano, il Po. Il servizio di Caterina Dall&#8217;Olio.</p>
