{"id":89471,"date":"2022-06-24T19:33:29","date_gmt":"2022-06-24T17:33:29","guid":{"rendered":"http:\/\/www.tv2000.it\/tg2000\/?post_type=video&#038;p=89471"},"modified":"2022-06-24T19:33:50","modified_gmt":"2022-06-24T17:33:50","slug":"siccita-la-grande-sete-del-po-con-livelli-ai-minimi-storici","status":"publish","type":"video","link":"https:\/\/www.tv2000.it\/tg2000\/video\/siccita-la-grande-sete-del-po-con-livelli-ai-minimi-storici\/","title":{"rendered":"Siccit\u00e0, la grande sete del Po con livelli ai minimi storici"},"content":{"rendered":"<p>Siccit\u00e0, osservato speciale \u00e8 il fiume Po il cui livello \u00e8 ai minimi storici. Servizio di Caterina Dall\u2019Olio<\/p>\n","protected":false},"featured_media":89473,"comment_status":"closed","ping_status":"closed","template":"","tags":[],"class_list":["post-89471","video","type-video","status-publish","has-post-thumbnail","hentry","video_category-ambiente","video_category-news"],"acf":[],"aioseo_notices":[],"url_youtube":"OfR2zMCp1Uc","featured_image_url":"https:\/\/i.ytimg.com\/vi\/OfR2zMCp1Uc\/mqdefault.jpg","_links":{"self":[{"href":"https:\/\/www.tv2000.it\/tg2000\/wp-json\/wp\/v2\/video\/89471","targetHints":{"allow":["GET"]}}],"collection":[{"href":"https:\/\/www.tv2000.it\/tg2000\/wp-json\/wp\/v2\/video"}],"about":[{"href":"https:\/\/www.tv2000.it\/tg2000\/wp-json\/wp\/v2\/types\/video"}],"replies":[{"embeddable":true,"href":"https:\/\/www.tv2000.it\/tg2000\/wp-json\/wp\/v2\/comments?post=89471"}],"wp:featuredmedia":[{"embeddable":true,"href":"https:\/\/www.tv2000.it\/tg2000\/wp-json\/wp\/v2\/media\/89473"}],"wp:attachment":[{"href":"https:\/\/www.tv2000.it\/tg2000\/wp-json\/wp\/v2\/media?parent=89471"}],"wp:term":[{"taxonomy":"post_tag","embeddable":true,"href":"https:\/\/www.tv2000.it\/tg2000\/wp-json\/wp\/v2\/tags?post=89471"}],"curies":[{"name":"wp","href":"https:\/\/api.w.org\/{rel}","templated":true}]}}

Siccità, la grande sete del Po con livelli ai minimi storici

<p>Siccità, osservato speciale è il fiume Po il cui livello è ai minimi storici. Servizio di Caterina Dall’Olio</p>
