{"id":89553,"date":"2022-06-27T19:43:45","date_gmt":"2022-06-27T17:43:45","guid":{"rendered":"http:\/\/www.tv2000.it\/tg2000\/?post_type=video&#038;p=89553"},"modified":"2022-06-27T19:44:08","modified_gmt":"2022-06-27T17:44:08","slug":"allarme-per-le-ondate-di-calore-da-mercoledi-temperature-record","status":"publish","type":"video","link":"https:\/\/www.tv2000.it\/tg2000\/video\/allarme-per-le-ondate-di-calore-da-mercoledi-temperature-record\/","title":{"rendered":"Allarme per le ondate di calore. Da mercoled\u00ec temperature record"},"content":{"rendered":"<p>E&#8217; allarme per le ondate di calore in Italia. Temperature record oggi in molte citt\u00e0. E da mercoled\u00ec, \u00e8 previsto un ulteriore aumento. Servizio di Letizia Davoli<\/p>\n","protected":false},"featured_media":89557,"comment_status":"closed","ping_status":"closed","template":"","tags":[],"class_list":["post-89553","video","type-video","status-publish","has-post-thumbnail","hentry","video_category-ambiente","video_category-news"],"acf":[],"aioseo_notices":[],"url_youtube":"Pu_U-D_qLr0","featured_image_url":"https:\/\/i.ytimg.com\/vi\/Pu_U-D_qLr0\/mqdefault.jpg","_links":{"self":[{"href":"https:\/\/www.tv2000.it\/tg2000\/wp-json\/wp\/v2\/video\/89553","targetHints":{"allow":["GET"]}}],"collection":[{"href":"https:\/\/www.tv2000.it\/tg2000\/wp-json\/wp\/v2\/video"}],"about":[{"href":"https:\/\/www.tv2000.it\/tg2000\/wp-json\/wp\/v2\/types\/video"}],"replies":[{"embeddable":true,"href":"https:\/\/www.tv2000.it\/tg2000\/wp-json\/wp\/v2\/comments?post=89553"}],"wp:featuredmedia":[{"embeddable":true,"href":"https:\/\/www.tv2000.it\/tg2000\/wp-json\/wp\/v2\/media\/89557"}],"wp:attachment":[{"href":"https:\/\/www.tv2000.it\/tg2000\/wp-json\/wp\/v2\/media?parent=89553"}],"wp:term":[{"taxonomy":"post_tag","embeddable":true,"href":"https:\/\/www.tv2000.it\/tg2000\/wp-json\/wp\/v2\/tags?post=89553"}],"curies":[{"name":"wp","href":"https:\/\/api.w.org\/{rel}","templated":true}]}}

Allarme per le ondate di calore. Da mercoledì temperature record

<p>E&#8217; allarme per le ondate di calore in Italia. Temperature record oggi in molte città. E da mercoledì, è previsto un ulteriore aumento. Servizio di Letizia Davoli</p>
